000010110 - -1000110101?
-10111100001
In base 2, what is 111100001001 + -1?
111100001000
In base 15, what is -4 + 668c8?
668c4
In base 10, what is 44 - -2063?
2107
In base 8, what is 211563 - 1?
211562
In base 9, what is 53478 - 4?
53474
In base 3, what is -11202011 + -220?
-11210001
In base 2, what is 100111 - -11010011110?
11011000101
In base 9, what is 886 - 2221?
-1224
In base 8, what is 37 - 223?
-164
In base 3, what is -1110 - -10210111100?
10210102220
In base 8, what is 2 + -52677?
-52675
In base 9, what is 1720 - -1?
1721
In base 15, what is -2a8 - 77c?
-a35
In base 3, what is 11 - -2111120202?
2111120220
In base 9, what is -123080 + 1?
-123078
In base 14, what is 36ddd - 3?
36dda
In base 4, what is 12113130102 + -2?
12113130100
In base 14, what is 2 + -16498?
-16496
In base 10, what is -233 + 155?
-78
In base 11, what is 43aa + 3a0?
479a
In base 11, what is -13 - -a05?
9a2
In base 13, what is -4 + 6635?
6631
In base 9, what is -2 - 13480?
-13482
In base 5, what is 203 - 202?
1
In base 16, what is -4 - -8758d?
87589
In base 7, what is 4 + -3141426?
-3141422
In base 16, what is 2 + 4e2eb?
4e2ed
In base 9, what is 2714 + -114?
2600
In base 10, what is -17 - -74?
57
In base 4, what is 0 - 13033101?
-13033101
In base 11, what is -1972 + -140?
-2002
In base 16, what is -41 + -cf?
-110
In base 9, what is -5 - -71430?
71424
In base 10, what is -20 - 194966?
-194986
In base 14, what is 7 - -1c33?
1c3a
In base 12, what is 10 - -2432?
2442
In base 12, what is 5b292 + 0?
5b292
In base 4, what is 31033 + -113?
30320
In base 5, what is 102310041 + -4?
102310032
In base 5, what is -421 - 3424?
-4400
In base 8, what is 1 + -357134?
-357133
In base 12, what is 5 + -54082?
-54079
In base 7, what is 533 - 2035?
-1202
In base 3, what is 2000 - 2011112?
-2002112
In base 13, what is 31aa + 115?
32c2
In base 11, what is -1801 - -12?
-179a
In base 4, what is -30 - 13222?
-13312
In base 3, what is -121221110 - 1?
-121221111
In base 8, what is -5141 + -12?
-5153
In base 4, what is -121200300 + 3?
-121200231
In base 14, what is -c + -dc?
-10a
In base 5, what is -4242 - -100?
-4142
In base 16, what is -4aa45 + -4?
-4aa49
In base 8, what is -3 - 135053?
-135056
In base 2, what is -10 + -100000100010?
-100000100100
In base 14, what is 2 + -64aac?
-64aaa
In base 3, what is -12021100 - -1011?
-12020012
In base 10, what is -7 + -11626?
-11633
In base 12, what is -7858 - -24?
-7834
In base 7, what is 6653 - -4145?
14131
In base 5, what is 4 - -130143042?
130143101
In base 16, what is 2c + -8e6c?
-8e40
In base 3, what is 10 + -1211110102?
-1211110022
In base 7, what is 450303 + -5?
450265
In base 3, what is 101112222 - -112100?
102002022
In base 2, what is -1011 - -11011111101?
11011110010
In base 6, what is -20 - -420435?
420415
In base 16, what is 97 - -1c?
b3
In base 11, what is -1 - a16678?
-a16679
In base 13, what is 9364 - -1?
9365
In base 11, what is -11401 + 4?
-113a8
In base 4, what is -2333101 - 1201?
-3000302
In base 16, what is d36 - -3?
d39
In base 2, what is -101010111100 - 10100001?
-101101011101
In base 15, what is 0 - 56c46?
-56c46
In base 12, what is -a - 2581?
-258b
In base 5, what is 10201322 - 113?
10201204
In base 8, what is 1 - -63011?
63012
In base 15, what is 1074c + -3d?
1070e
In base 11, what is -4 - 1088?
-1091
In base 13, what is 3c2 - 1c?
3a3
In base 13, what is 40 - aa?
-6a
In base 11, what is 15883 + 3?
15886
In base 4, what is -1 - -1231230000?
1231223333
In base 7, what is 101 - -10624?
11025
In base 6, what is 215 + 20151?
20410
In base 3, what is 21212 + 210?
22122
In base 4, what is -121 - -31203?
31022
In base 7, what is 10 + 61225?
61235
In base 2, what is 1111101011 - -1010?
1111110101
In base 12, what is 0 - -19b44?
19b44
In base 5, what is 1 + 1202423?
1202424
In base 3, what is -2101122 - 11?
-2101210
In base 13, what is 50 + -a1?
-51
In base 14, what is 210a - -19?
2125
In base 12, what is 3 + 34776?
34779
In base 3, what is -2212102200010 - 11?
-2212102200021
In base 4, what is 12 - 21230103?
-21230031
In base 12, what is -5 + -429?
-432
In base 10, what is 22 - -14779?
14801
In base 12, what is -5 + -2693?
-2698
In base 8, what is 1 + -127134?
-127133
In base 2, what is 11011111010001010 + 101?
11011111010001111
In base 11, what is -17 + 82526?
8250a
In base 13, what is 5 - -1bb660?
1bb665
In base 13, what is -1ba0 + 9?
-1b94
In base 5, what is -14 - -3131204?
3131140
In base 9, what is 2 - 2244706?
-2244704
In base 7, what is 3 - -240106?
240112
In base 12, what is 4975 - -33?
49a8
In base 9, what is 1435102 - 0?
1435102
In base 12, what is -1 + -8848?
-8849
In base 2, what is 0 + -110110000111101?
-110110000111101
In base 9, what is -4 - 802313?
-802317
In base 11, what is 539 - 46?
4a3
In base 13, what is -2 + -29904?
-29906
In base 12, what is 192 + -2b7?
-125
In base 16, what is -5 - c9b6?
-c9bb
In base 4, what is 3021101231 + 11?
3021101302
In base 6, what is 10 + 3125?
3135
In base 2, what is -11 - -10000111010000001?
10000111001111110
In base 5, what is 13331220 + -4?
13331211
In base 15, what is -c - -531?
524
In base 10, what is -2 + 3984?
3982
In base 13, what is 32 + 2c07?
2c39
In base 9, what is 6180 + -324?
5755
In base 5, what is -3041024 + 323?
-3040201
In base 13, what is -536 - 8?
-541
In base 3, what is -10012220111 - -2?
-10012220102
In base 3, what is -21111 - 1202111?
-2000222
In base 13, what is 18 + 36?
51
In base 12, what is -89246 + 0?
-89246
In base 13, what is -382 - -7b?
-304
In base 15, what is b39 + 18c?
cc6
In base 14, what is 14510 + -3?
1450b
In base 15, what is 3a62ba + -4?
3a62b6
In base 16, what is -b + 43e?
433
In base 9, what is 13 + -144172?
-144158
In base 5, what is -4 - 1344340?
-1344344
In base 12, what is -2 - 11766?
-11768
In base 6, what is 11101 + -152?
10505
In base 3, what is 11 + 10002101102120?
10002101102201
In base 12, what is 64 - 503?
-45b
In base 10, what is 2787 - -14?
2801
In base 15, what is 3 - 7785?
-7782
In base 15, what is -699 - 1cc?
-876
In base 15, what is -5a02 - -36?
-59bb
In base 4, what is -30000 + 10103?
-13231
In base 11, what is 4 + 75a69?
75a72
In base 15, what is 822e4 + 3?
822e7
In base 15, what is -b7 + -4d?
-115
In base 15, what is -2 - -30b91?
30b8e
In base 15, what is -2dd725 - -4?
-2dd721
In base 4, what is -21010 + -10221?
-31231
In base 13, what is -54b32 - -5?
-54b2a
In base 7, what is 430 - -216?
646
In base 8, what is -3 + 5221?
5216
In base 16, what is 1beee - 4?
1beea
In base 12, what is 15 - -21826?
2183b
In base 12, what is -20 - -a98?
a78
In base 14, what is -5131 - 5?
-5136
In base 7, what is 5366 - -542?
6241
In base 2, what is 1010011 + -10001111100000?
-10001110001101
In base 16, what is -10 + a05?
9f5
In base 5, what is -110 - -20130?
20020
In base 7, what is -1443 + 42?
-1401
In base 13, what is 191 - 4c13?
-4a52
In base 3, what is 0 - -211000210?
211000210
In base 15, what is -814b5c - 3?
-814b60
In base 5, what is 434 + 1040?
2024
In base 13, what is 5c + -22a?
-19b
In base 11, what is 0 + -10a78?
-10a78
In base 13, what is c0a - -48?
c55
In base 4, what is -23122322 + 1?
-23122321
In base 11, what is -1 + 14047?
14046
In base 11, what is 63 - 2930a?
-29257
In base 8, what is 5 + 3073527?
3073534
In base 15, what is 287 - 2?
285
In base 9, what is -32 + -305868?
-306011
In base 3, what is 10010121102 - 0?
10010121102
In base 15, what is -1 + 13226?
13225
In base 14, what is -6273b + 4?
-62737
In base 13, what is -20 + -13968?
-13988
In base 15, what is 1 - -2e9b7?
2e9b8
In base 15, what is 4a89d - 1?
4a89c
In base 2, what is -10 - -10010101110111000?
10010101110110110
In base 15, what is cb4 + 29?
cdd
In base 4, what is -21 + -2032221?
-2032302
In base 13, what is -96a8 + 2?
-96a6
In base 6, what is 4 - 404025?
-404021
In base 15, what is 6 + -3ccb?
-3cc5
In base 8, what is -4106575 - 0?
-4106575
In base 2, what is -101000010000110 + 1010?
-101000001111100
In base 3, what is -102212 - -112100?
2111
In base 9, what is -3 - 2505481?
-2505484
In base 3, what is 2110 - 2101210?
-2022100
In base 7, what is 161505 + -1?
161504
In base 8, what is 16 + -14011?
-13773
In base 3, what is 11002122 - -1021?
11010220
In base 13, what is 577 - 0?
577
In base 6, what is -111 - 13?
-124
In base 8, what is -15 + 40?
23
In base 14, what i